rime factors of 370172?
2, 11, 47, 179
List the prime factors of 15833168.
2, 13, 163, 467
What are the prime factors of 262425?
3, 5, 3499
What are the prime factors of 304905?
3, 5, 20327
What are the prime factors of 489307?
7, 13, 19, 283
List the prime factors of 4958513.
7, 708359
List the prime factors of 28489609.
233, 122273
List the prime factors of 151202.
2, 19, 23, 173
List the prime factors of 288763.
41, 7043
What are the prime factors of 752001?
3, 19, 79, 167
What are the prime factors of 121681?
7, 17383
What are the prime factors of 85935?
3, 5, 17, 337
List the prime factors of 3027540.
2, 3, 5, 50459
List the prime factors of 154475.
5, 37, 167
List the prime factors of 17736.
2, 3, 739
List the prime factors of 6613764.
2, 3, 53, 10399
What are the prime factors of 833526?
2, 3, 46307
List the prime factors of 107306.
2, 53653
List the prime factors of 3453295.
5, 17, 40627
What are the prime factors of 2408567?
7, 181, 1901
List the prime factors of 28994567.
7, 151, 27431
What are the prime factors of 915613?
915613
List the prime factors of 331089.
3, 11, 79, 127
What are the prime factors of 362564?
2, 90641
What are the prime factors of 2822695?
5, 181, 3119
List the prime factors of 1322074.
2, 13, 50849
List the prime factors of 199533.
3, 227, 293
What are the prime factors of 58592?
2, 1831
What are the prime factors of 4679560?
2, 5, 116989
List the prime factors of 724818.
2, 3, 107, 1129
What are the prime factors of 3793237?
7, 11059
List the prime factors of 438473.
7, 62639
List the prime factors of 2831902.
2, 383, 3697
What are the prime factors of 5865273?
3, 651697
What are the prime factors of 428219?
11, 3539
What are the prime factors of 119955?
3, 5, 11, 727
List the prime factors of 20824393.
20824393
What are the prime factors of 75233?
23, 3271
What are the prime factors of 1733754?
2, 3, 11, 109, 241
List the prime factors of 4608048.
2, 3, 96001
What are the prime factors of 3779224?
2, 433, 1091
List the prime factors of 255663.
3, 17, 557
List the prime factors of 14225018.
2, 59, 120551
List the prime factors of 104140.
2, 5, 41, 127
What are the prime factors of 278273?
17, 16369
List the prime factors of 1473218.
2, 409, 1801
What are the prime factors of 1223646?
2, 3, 23, 8867
What are the prime factors of 2099504?
2, 11, 79, 151
List the prime factors of 321406.
2, 271, 593
What are the prime factors of 1576115?
5, 315223
List the prime factors of 41944.
2, 7, 107
List the prime factors of 118006.
2, 7, 8429
List the prime factors of 22442.
2, 7, 229
List the prime factors of 338348.
2, 251, 337
List the prime factors of 58476.
2, 3, 11, 443
List the prime factors of 20244211.
13, 1557247
What are the prime factors of 18434563?
7, 2633509
List the prime factors of 305269.
17, 17957
What are the prime factors of 237146?
2, 7, 13, 1303
List the prime factors of 388305.
3, 5, 8629
List the prime factors of 207329.
207329
What are the prime factors of 147249?
3, 16361
What are the prime factors of 3904453?
7, 557779
List the prime factors of 3320356.
2, 13, 63853
What are the prime factors of 1429159?
71, 20129
List the prime factors of 3287393.
43, 89, 859
List the prime factors of 178122.
2, 3, 7, 4241
What are the prime factors of 1023744?
2, 3, 31, 43
What are the prime factors of 21534?
2, 3, 37, 97
What are the prime factors of 21534288?
2, 3, 448631
What are the prime factors of 80291?
17, 4723
What are the prime factors of 13360625?
5, 21377
What are the prime factors of 4004387?
4004387
List the prime factors of 1051953.
3, 7, 50093
List the prime factors of 3482725.
5, 139309
List the prime factors of 1054972.
2, 97, 2719
What are the prime factors of 97377?
3, 7, 4637
What are the prime factors of 11501222?
2, 547, 10513
List the prime factors of 8115982.
2, 7, 579713
List the prime factors of 12988609.
19, 103, 6637
List the prime factors of 653873.
11, 59443
What are the prime factors of 245371?
7, 35053
List the prime factors of 201892.
2, 17, 2969
What are the prime factors of 1491418?
2, 745709
What are the prime factors of 709337?
709337
List the prime factors of 36659.
7, 5237
List the prime factors of 27832495.
5, 5566499
List the prime factors of 1113856.
2, 19, 229
What are the prime factors of 121955?
5, 24391
What are the prime factors of 485284?
2, 121321
What are the prime factors of 1909295?
5, 381859
What are the prime factors of 394041?
3, 19, 31, 223
List the prime factors of 892335.
3, 5, 19, 31, 101
What are the prime factors of 48553?
23, 2111
What are the prime factors of 4778011?
7, 29, 23537
List the prime factors of 505315.
5, 101063
List the prime factors of 27186167.
1021, 26627
What are the prime factors of 22308156?
2, 3, 13, 15889
List the prime factors of 1149899.
19, 60521
What are the prime factors of 17214014?
2, 41, 209927
What are the prime factors of 3555123?
3, 11, 13, 8287
List the prime factors of 8670557.
7, 41, 30211
List the prime factors of 584550.
2, 3, 5, 433
List the prime factors of 250995.
3, 5, 29, 577
List the prime factors of 88630.
2, 5, 8863
List the prime factors of 2321677.
2321677
List the prime factors of 6138922.
2, 131, 23431
List the prime factors of 1476938.
2, 738469
What are the prime factors of 218679?
3, 72893
What are the prime factors of 1712910?
2, 3, 5, 57097
What are the prime factors of 681020?
2, 5, 17, 2003
What are the prime factors of 1296307?
47, 27581
What are the prime factors of 17299087?
13, 1330699
List the prime factors of 1376093.
1376093
What are the prime factors of 26922350?
2, 5, 7, 13, 61, 97
List the prime factors of 3006741.
3, 1002247
List the prime factors of 2860643.
2860643
What are the prime factors of 218857?
218857
What are the prime factors of 774267?
3, 13, 19853
What are the prime factors of 5854074?
2, 3, 563, 1733
List the prime factors of 3327378.
2, 3, 353, 1571
What are the prime factors of 2697875?
5, 113, 191
What are the prime factors of 6323364?
2, 3, 175649
List the prime factors of 92236.
2, 23059
What are the prime factors of 3925047?
3, 7, 26701
List the prime factors of 36853.
137, 269
What are the prime factors of 12158712?
2, 3, 47, 3593
List the prime factors of 11755141.
11755141
List the prime factors of 9429767.
1439, 6553
List the prime factors of 242512.
2, 23, 659
List the prime factors of 56344.
2, 7043
List the prime factors of 2086388.
2, 223, 2339
What are the prime factors of 19685327?
19685327
List the prime factors of 69067.
69067
What are the prime factors of 4825241?
79, 103, 593
List the prime factors of 3231835.
5, 797, 811
List the prime factors of 42531682.
2, 1783, 11927
List the prime factors of 79639.
7, 31, 367
List the prime factors of 6572494.
2, 3286247
List the prime factors of 230887.
373, 619
List the prime factors of 501623.
501623
List the prime factors of 91946.
2, 31, 1483
List the prime factors of 882.
2, 3, 7
What are the prime factors of 66343?
66343
List the prime factors of 8337474.
2, 3, 479, 967
What are the prime factors of 12636112?
2, 29, 113, 241
List the prime factors of 242591.
242591
List the prime factors of 22778814.
2, 3, 3796469
What are the prime factors of 969950?
2, 5, 19, 1021
List the prime factors of 12666272.
2, 29, 13649
What are the prime factors of 532604?
2, 47, 2833
What are the prime factors of 319824?
2, 3, 2221
What are the prime factors of 8982228?
2, 3, 29, 53, 487
List the prime factors of 1263484.
2, 73, 4327
What are the prime factors of 203600?
2, 5, 509
What are the prime factors of 13664868?
2, 3, 7, 162677
List the prime factors of 7467299.
7, 1066757
What are the prime factors of 5707415?
5, 7, 179, 911
List the prime factors of 86408.
2, 7, 1543
What are the prime factors of 521772?
2, 3, 43481
List the prime factors of 171648.
2, 3, 149
List the prime factors of 480322.
2, 137, 1753
What are the prime factors of 2007553?
2007553
List the prime factors of 16948781.
16948781
What are the prime factors of 28161487?
28161487
What are the prime factors of 492644?
2, 79, 1559
List the prime factors of 3504007.
13, 269539
List the prime factors of 4062040.
2, 5, 173, 587
What are the prime factors of 8633595?
3, 5, 575573
What are the prime factors of 2580541?
2580541
List the prime factor